p. Let n(q) = -q**3 + 4*q**2 + 2*q - 3. What is the units digit of n(l)?
5
Let n(b) = -3*b - 3*b + 8 + 6*b + b. Let u be n(-8). Suppose -16 = -2*v - u*v. What is the units digit of v?
8
Let j = 7 - 11. Let a = j + 6. What is the units digit of a?
2
Let f(t) = 2*t**2 + 2. Let d be f(2). Let s = d - 0. What is the tens digit of s?
1
Let a = 139 - -66. What is the units digit of a?
5
Let a(g) = 13*g**2 - g. Let v be a(1). Suppose -3*b - v = -6*b. What is the units digit of b?
4
Let y(o) be the first derivative of -3*o**2 - o + 1. Let a(r) = r**2 - 2. Let c be a(-1). What is the units digit of y(c)?
5
Let x = 53 - 28. What is the units digit of x?
5
Let j(s) = s + 15. Let a be j(-14). What is the tens digit of 33/(-6)*a*-4?
2
Let g(z) = z**3 + 6*z**2 - 9*z - 12. What is the units digit of g(-6)?
2
Let m be (-1)/3 - 64/6. Let n = -15 - m. Let w = n - -9. What is the units digit of w?
5
Suppose -3*m = -63 - 9. Suppose -3*g = g - m. What is the units digit of (13 - g) + 2/1?
9
Let l(c) = c - 7. Let b be l(9). Let i = b + 4. What is the units digit of i?
6
Let n(s) = s + 15. Let r be ((-2)/(-1) + -2)*-1. What is the units digit of n(r)?
5
Let u be 18/(-6) - (-15 - 0). Suppose 2*b = -v + u, -v = -2*v + 3*b + 12. What is the tens digit of v?
1
Let d = 7 + -19. What is the tens digit of 2*(-3)/(d/98)?
4
Let l = -2 + 9. What is the units digit of l?
7
Let l = -4 - -6. Suppose -l*n - 5 = -23. What is the units digit of n?
9
Let s = -40 + 53. What is the units digit of s?
3
Suppose -4*d = -3 - 5. Let t(y) = -y**3 - 9*y**d + 4 + 8*y**2 - 2. What is the units digit of t(-2)?
6
Let c(j) be the third derivative of 0*j + 0 - 7/24*j**4 - 2/3*j**3 - 2*j**2 - 1/60*j**5. What is the units digit of c(-6)?
2
Let s = 115 + -79. What is the units digit of s?
6
Suppose 0 = -5*r - 5*b + 580, r - 2*b - 552 = -4*r. What is the tens digit of r?
1
Suppose -5*r + 103 = 28. Let m = r + 1. What is the units digit of m?
6
Suppose -2*v + 3*u - 64 = 3*v, 3*u + 62 = -4*v. Let q = -5 - v. What is the units digit of q?
9
Let n = 1 - -3. Suppose n*c - 2*c = 44. What is the tens digit of c?
2
Suppose -2*q + 161 = -129. What is the hundreds digit of q?
1
What is the tens digit of ((-3)/(-6))/((-2)/(-204))?
5
Let m(j) = j**3 + j + 3. Suppose -2*o = 4*p - 2, 20 = 4*p - 4*o - 12. Suppose 0 = -2*n - p*n. What is the units digit of m(n)?
3
Let n = 13 - 8. What is the units digit of n?
5
What is the units digit of 129/7 + (-20)/(-35)?
9
Suppose 0 = -15*j + 14*j + 8. What is the units digit of j?
8
What is the units digit of 99 - (-4)/6*(-18)/12?
8
Let f be (-9)/15*1*-115. Suppose 3*n - 54 = f. Suppose -s - n = -5*w + 24, 5*w + 4*s - 65 = 0. What is the units digit of w?
3
Let z be 23*(-2 + 3/(-3)). What is the tens digit of (-1)/(0 - (-3)/z)?
2
Suppose -2*m + 9 = m. Suppose 4*n - 29 = -9. Let i = n - m. What is the units digit of i?
2
Let v(f) = -4*f + 2. Let d(g) = -4*g + 3. Let w(r) = 3*d(r) - 2*v(r). What is the tens digit of w(-3)?
1
Let j(q) = -q**2 - 4*q + 2. Let p be j(-6). Let a(h) = h**3 + 9*h**2 - 10*h + 8. What is the units digit of a(p)?
8
Suppose 4*g - q - 1024 = -8, -q = g - 249. What is the units digit of g?
3
Let u(n) = n**2 + n + 4. Let y be u(-3). What is the units digit of (-458)/(-22) + y/55?
1
Let v(l) = 3*l**2 + 2*l - 6. What is the tens digit of v(-3)?
1
Suppose -2*k + 4*k = -62. Let y = -11 - k. What is the units digit of y?
0
Let i(m) = m**3 + 6*m**2 - 5*m + 6. Let d be i(-7). Let g = d - -42. What is the tens digit of g?
3
Let n(s) = s**3 + 6*s**2 - 2. What is the units digit of n(-5)?
3
Suppose -r = -m - 7, -2*r = 2*m + r - 6. Let a = -2 - m. Let v(q) = 10*q**2. What is the units digit of v(a)?
0
Let z(w) = w. Let a be z(3). Suppose -3*o = 9, -a*i = -6*i + 2*o + 195. Suppose -j - c + 40 = 3*j, i = 5*j - 2*c. What is the units digit of j?
1
Let q be ((-28)/(-6))/((-1)/3). Let l = 7 - q. What is the units digit of l?
1
Suppose 14 = 2*q - u, 4*q - 32 = 4*u - u. Let p be 2/(-5) - (-72)/q. What is the units digit of 4/p + (-26)/(-7)?
4
Let q(z) = -z - 7 + 6*z**2 + 3 - 3*z**2 + 0. What is the tens digit of q(3)?
2
Suppose -4*h = -h - 15. Suppose -2*q + m = -26, q - 19 = -5*m + h. Suppose -l + q + 19 = -5*b, -3*l = 5*b - 19. What is the units digit of l?
3
Suppose -15 = m + 2*m, -4*m = -4*w + 8. Let k = -2 - w. Let a = 5 - k. What is the units digit of a?
4
What is the tens digit of ((-1)/(-3))/(5/555)?
3
Let i = 21 - 17. What is the units digit of i?
4
Suppose -155 = -4*x + 93. What is the tens digit of x?
6
Let x(f) = f**3 + 4*f**2 - 2*f - 2. Let i(m) be the second derivative of -m**4/12 + m**2/2 + m. Let t be i(2). What is the units digit of x(t)?
3
Suppose 4*r = -3*a + 2*a + 9, -24 = 5*a - 3*r. Let c = a + 7. What is the units digit of (-5 + c)/(2/(-24))?
2
Suppose 0 = -g - 0*g + 10. What is the units digit of g?
0
Let b = -112 + 134. What is the tens digit of b?
2
Let w = 626 - 399. What is the hundreds digit of w?
2
Suppose -k + 19 + 26 = 0. What is the units digit of k?
5
Suppose -2*o + 88 + 484 = -2*u, 0 = -5*o - 3*u + 1406. What is the units digit of o?
3
Let v(z) = -z**2 + 5*z + 1. Let p be v(4). Suppose -11 - 149 = -5*m. Suppose -t + m = 2*o, -4*o + p*t + 72 = 3*t. What is the units digit of o?
7
Suppose -b = 5*f - 32, -b + 2*f - 26 = -2*b. What is the tens digit of b?
2
Suppose 2*a + 9 = -3*y - 15, -5*a - 4*y = 46. Let z = -1 - a. What is the units digit of z?
5
What is the units digit of -1 + (5 + -1 - -1)?
4
Let r(d) be the second derivative of -d**3/6 + 3*d**2/2 + 2*d. Let z be r(3). Suppose 4*t = -3*p - p + 20, z = p - 5*t + 1. What is the units digit of p?
4
Let r = 11 - 11. Suppose -3*q = -2*d + 5, 3*q - 50 = -4*d + q. Let n = d + r. What is the tens digit of n?
1
Let r(w) = 20*w - 9. Let h(c) = -7*c + 3. Let n(d) = -17*h(d) - 6*r(d). What is the units digit of n(-6)?
9
Suppose -8 = 2*t, 5*h + 0*h - 16 = 4*t. Suppose h = 2*r - 10, 2*s - 4*r - 1 - 3 = 0. What is the units digit of s?
2
What is the tens digit of (14/6)/((-8)/(-168))?
4
Let m(y) be the third derivative of y**5/60 - y**4/8 - 5*y**3/6 - 2*y**2. Let o be m(5). Let l(s) = -s + 6. What is the units digit of l(o)?
1
Suppose -3*k = -7*k + 104. What is the units digit of k?
6
Let p(m) = 2*m**2 - 10*m. What is the hundreds digit of p(10)?
1
What is the units digit of (-8143)/(-119) - (-8)/14?
9
Let k be (9/12)/(2/8). Let q be (-190)/15*k/(-2). Let c = q + -10. What is the units digit of c?
9
Suppose 0 = -5*k - 25, -4*k + k - 421 = -2*v. What is the units digit of v?
3
Let t(k) = k. Let q(i) = -i**3 - 5*i**2 - 2*i - 3. Let x be q(-5). Let r(g) = 2*g. Let w(m) = x*t(m) - 4*r(m). What is the units digit of w(-3)?
3
Suppose -5*a + 70 = -3*a. What is the tens digit of a?
3
Let t(r) = -8*r**2 + 4*r - 3. Let g be t(3). Let b = -30 - g. What is the units digit of b?
3
Let h be 1 - (1 - -3)/4. Suppose h = 5*f - 8 - 22. What is the units digit of f?
6
Let n(k) = -7*k + 5. What is the tens digit of n(-7)?
5
Let j(m) = 0*m - 17*m - 8*m**2 + 4*m - m**3 + 1. What is the units digit of j(-6)?
7
Suppose -207 - 45 = -3*u. What is the tens digit of u?
8
Let h = 2 + -3. Let v be (3 + -3)*(h + 2). Suppose -2*d + 7*d - 20 = v. What is the units digit of d?
4
Suppose 4*c = 28 + 780. What is the tens digit of c?
0
Let f = 10 + -8. What is the units digit of f?
2
Let u be ((-5)/(-2))/(1/2). Suppose 0 = -2*l - l - 2*x + 10, -5*l = u*x - 15. What is the units digit of l?
4
Suppose -s + 15 = -5. Suppose 10*q - 5*q + 3*x = 37, 5*x = s. Suppose -q*g + 8*r = 3*r - 30, -4*g + 18 = -r. What is the units digit of g?
4
What is the tens digit of 10/(-4)*(-96)/15?
1
Suppose 5*l = -x + 154, 4*x + 4*l - 731 = -163. What is the units digit of x?
9
Let q(h) = -7*h - 2. Let w be 2*(-3 - -1)/2. What is the tens digit of q(w)?
1
Let j(a) = a - 2. Let k be j(-2). What is the units digit of 2/k*(-2 + 0)?
1
Let a = 9 + -7. Suppose 0 = -a*u - 2*i - 1 - 9, 0 = -2*i + 4. Let b = 16 + u. What is the units digit of b?
9
Let n(b) = -b + 8. Let k be n(4). Suppose -k*i + 18 = -i. What is the units digit of i?
6
Let z(q) = q**3 + 3*q**2 - 5*q - 1. Let c be (4/(-3))/(2/6). What is the units digit of z(c)?
3
Let x be 2/(-9) - 480/27. What is the units digit of x/(-4)*(-4)/(-3)?
6
Let h = -159 + 181. What is the units digit of h?
2
Let l = 0 - -14. What